i**2 - 7*i + 3. What is v(h)?
3
Let x(z) be the third derivative of -5/24*z**4 + 1/6*z**3 + 0 + 0*z - z**2. Calculate x(2).
-9
Let o(c) = -c**2 + 2*c. Let q be o(2). Suppose q = -4*w + 2 + 2. Let b(d) = 4*d**2 - d. What is b(w)?
3
Let d(i) = i**2 + 2*i + 3. Let p be d(-2). Let l(x) = -4 + 2*x - 4*x**2 + 4 + p + 3*x**2. Calculate l(-2).
-5
Let x(l) be the third derivative of 5*l**4/24 - 2*l**2. Let s be x(-1). Let k(j) = 2*j + 4. What is k(s)?
-6
Let x(f) = 0*f**2 + 50 - f**2 - 25 - 27. Give x(0).
-2
Suppose -5*x + 20 = 5*r - 10, 18 = 5*x + r. Suppose 0 = -x*p - p. Let n(b) = -4*b + 3*b + p*b + 2. Calculate n(-2).
4
Let l(k) = 2*k + 1. Suppose 4 = -2*r + 2. Give l(r).
-1
Let p(c) be the second derivative of c**4/12 - 7*c**3/6 + 3*c**2 + 7*c. Calculate p(4).
-6
Let u(v) be the second derivative of -1/6*v**4 - 1/60*v**5 + v**2 + 0 + v + 1/3*v**3. Let i(p) be the first derivative of u(p). Calculate i(-5).
-3
Let z(o) = -2*o**3 + o**2 - o - 1. Let y = 19 + -20. What is z(y)?
3
Let q(o) be the third derivative of -o**6/120 + 3*o**5/20 - 7*o**4/24 - 5*o**3/3 + 8*o**2. Calculate q(8).
-2
Let t be 1/((-3)/2 - -2). Let v(b) = b**2 + 3*b - 1. Let p be v(-4). Let i(o) = -7*o**2 + 3*o + 2*o - p + 6*o**t. Give i(3).
3
Suppose 0 = -2*y, -2*y - 2*y + 2 = -o. Let g(s) be the first derivative of 2*s**3/3 - s**2/2 - 2*s + 1. What is g(o)?
8
Suppose k - 4 - 2 = -x, 0 = 2*k - 4*x + 12. Let u(j) = 4*j**k - 2*j**3 - 3 + 2 - 3*j**2 - j**3. Suppose -4*s = 0, 0 = 4*r - 2*s + 3 + 1. Calculate u(r).
3
Let k(i) = -i - 5. Suppose 3*j + 6 = -2*u, -3*j + 4 = -j. Calculate k(u).
1
Suppose -3*s = 2*s - 25. Let m(h) = -h + 1. Let q(w) = -w**2 + 8*w - 1. Let t(i) = -5*m(i) - q(i). Calculate t(s).
6
Let y(h) = -5*h**2 + 2*h**2 - 1 + 4*h**2 - 1 + 5*h. Suppose 11 = -3*q - 7. Give y(q).
4
Let v(t) = t**3 + t**2 + 2*t + 2. Let k be v(-2). Let y(d) be the third derivative of -d**4/24 + 2*d**3/3 + d**2 + d. Calculate y(k).
10
Let g(b) = -1 + 2 + 3*b + 0 + 0*b. What is g(-3)?
-8
Let r(u) = -u**3 - 7*u**2 - 7*u - 6. Let b be r(-6). Suppose b = -3*w - 2*p + p + 10, w = -p + 2. Suppose -w*y + 2*y = -2. Let j(o) = -o + 1. Determine j(y).
0
Let l(w) = w - 4. Let t(r) = -r + 3. Let a(z) = -3*l(z) - 2*t(z). Give a(0).
6
Let j(c) = -c - 2. Let d be j(-6). Let l(v) = 2*v + 2. Let s(q) = -2*q - 1. Let n(b) = d*l(b) + 3*s(b). Let k be -7 + 4 - (2 + -1). Give n(k).
-3
Let s(q) be the second derivative of -q**3/6 + 13*q**2/2 - 17*q. Determine s(10).
3
Let z(d) = -d + 7. Let u be z(0). Let x = -2 + u. Let q(g) = 11*g - 17. Let c(f) = -6*f + 9. Let b(t) = 5*c(t) + 3*q(t). Calculate b(x).
9
Let i(u) = -u - 6. Let z be i(-11). Let x(o) = -6*o**2 - 3 + 4*o**3 + 6*o - o**3 - 2*o**3. Determine x(z).
2
Let u(w) = 5 - 9 + 5 - 2*w + 0. Determine u(1).
-1
Let d(a) = -873*a + 882*a + 2 - 2. Calculate d(1).
9
Let n(k) = k**3 - 6*k**2 + 5*k + 7. Let q(s) be the second derivative of -s**4/12 - 2*s. Let j be q(-1). Let g be (-5)/((j*2)/2). What is n(g)?
7
Let i(k) = -4*k**3 - k - 13. Let x(s) = -3*s**3 - s - 13. Let v(w) = 4*i(w) - 5*x(w). Calculate v(0).
13
Let z(a) be the second derivative of -a**4/24 - 2*a**2 + 4*a. Let i(m) be the first derivative of z(m). Give i(6).
-6
Let d = -11 - -21. Suppose 25 = -h + 6*h. Suppose -h*z + d*z = -20. Let a(y) = -y**3 - 5*y**2 - 6*y - 3. What is a(z)?
5
Let l(v) = -5*v + 5*v**2 - 4 - 2*v**2 - 4*v**2. Let q be l(-3). Suppose 5*z + 9 = -4*x, -2*x = -z - q*z - 1. Let u(m) = m + 1. Give u(z).
0
Let g(f) be the second derivative of -7*f**3/6 - f. Let k be (-3)/6*2 - -2. What is g(k)?
-7
Let n(q) = q**3 - 2*q**2 + 2*q - 2. Let g(x) = -x**2. Let m(r) = -4*g(r) - n(r). Give m(6).
-10
Let q(j) = -j**2 - 8*j - 6. Let i be q(-5). Let h = -4 + i. Suppose h*z + 20 = z. Let l(o) = -o - 1. Determine l(z).
4
Suppose 0 = -5*p - p - 12. Let l(i) = 2*i**2 + 3*i + 2. Calculate l(p).
4
Let f(v) = 1 + 583*v + v**2 - 583*v. Let b(u) = u**3 + 4*u**2 + 3*u + 4. Let w be b(-3). Give f(w).
17
Let p(x) = x**2 - x. Let y(s) = -s**2 - s - 1. Let g(h) = -p(h) - 2*y(h). Let o(c) = -2*c - 23. Let k be o(-10). Calculate g(k).
2
Let v = 17 + -15. Let m(w) = 4*w + 1 - 5 - 6*w + v - w**3 + 5*w**2. Determine m(4).
6
Let k(o) be the first derivative of o**4/4 - 4*o**3/3 + o**2 - o - 2. Give k(3).
-4
Let o(k) = -k + 2. Suppose -4*q + 2*q + 14 = 0. Give o(q).
-5
Let k(w) = -5*w**2 - w. Suppose 4*d + 12 = -5*f, -d - f = 2 - 0. Suppose d*q + 0 = 4. Let x be ((-3)/6)/(q/4). What is k(x)?
-4
Let h(d) be the second derivative of 0*d**5 - 2*d + 0*d**2 + 0*d**3 + 1/4*d**4 + 1/360*d**6 + 0. Let x(w) be the third derivative of h(w). Give x(-2).
-4
Let x be 1 - (-5 + 1 + 0). Let l(t) = -3*t - 3 - t - 2*t + x*t + t**2. Let a be l(3). Let w(v) = v**2 - v - 1. Give w(a).
5
Let q(w) = -w**3 + 4*w**2 - 4*w + 2. Let m be q(2). Let n(f) = -3*f + 2*f + m - 3. Calculate n(-6).
5
Let b(c) = -3*c**3 - c + 6. Let y(d) = -1. Let w(q) = -b(q) - 6*y(q). What is w(1)?
4
Let y be (-4)/4 + 7 + 2. Let q = y + -6. Let w(a) = 0*a**2 + q*a - 2*a**2 + 5*a**2. Calculate w(-2).
8
Let f(i) = 8 + 3 + i**3 + 3*i - 14*i**2 - 6*i**3. Let t(m) = 5*m**2 + m**3 + m**3 - 4 - m + 0. Let c(d) = 3*f(d) + 8*t(d). Give c(2).
3
Let y(h) = -h**3 + 4*h**2 - h - 1. Let g be y(2). Suppose -g*t = -4*t - 3. Let m(w) = 0 - w + 0 + 2 - 3*w. What is m(t)?
-10
Suppose 3*j - 20 = -11. Let g(t) = t. Calculate g(j).
3
Let j be 1/((-1)/(-3)) - 0. Let y(n) be the second derivative of -6*n + 0 + 3/2*n**2 + 1/20*n**5 - 5/12*n**4 + 1/2*n**3. What is y(j)?
-6
Suppose 2*i - 5 + 3 = 0. Let w(p) = 4*p - 1 + 1 - i. Let k(x) = x**2 - 14*x + 26. Let q be k(12). Determine w(q).
7
Let x(j) = 5*j - 2. Let w(h) = -81*h + 33. Suppose 3*n - 5 = -2*o, o + 25 = 5*n + 8. Let f be (-1)/o + 14/4. Let t(a) = f*w(a) + 66*x(a). Give t(1).
6
Let o(t) = -6*t**3 + 5*t**3 - 2*t**3 - t**2 + 1. Determine o(1).
-3
Let c(z) be the second derivative of z**4/12 + 2*z**3/3 + z**2 + 6*z. Let m be c(-4). Let g(j) = -4*j + 2. Determine g(m).
-6
Let n(z) be the first derivative of -z**3/3 + 2*z**2 + 7*z + 48. Determine n(6).
-5
Let k(x) be the second derivative of -x**5/60 - x**4/8 - 5*x**3/6 - 4*x. Let j(w) be the second derivative of k(w). Calculate j(-2).
1
Let v be -11 + (0 - 0/2). Let y = v - -16. Let x(m) = -m**3 + 4*m**2 + 4*m + 2. Give x(y).
-3
Let w = -2 - -3. Let c(h) = -5*h - 4. Let t(f) = 4*f + 3. Let z(p) = 3*c(p) + 4*t(p). Let u(a) = 3*a - 4. Let r(q) = w*u(q) - 2*z(q). Determine r(-4).
-8
Let z = 7 + -10. Let a(b) = -2*b. Determine a(z).
6
Let d(v) be the second derivative of -v**3/6 - 8*v**2 - 11*v. Give d(-7).
-9
Let b be 1 + 24/4 + 0. Let y(k) = -k**3 + 8*k**2 - 9*k + 2. Give y(b).
-12
Let z(b) = -b**2 + 2*b + 2. Let w be (-63)/6*(1 + -3). Let x be ((-12)/10)/(w/(-70)). Determine z(x).
-6
Let v(k) be the third derivative of -k**4/24 + k**3 + 8*k**2. Calculate v(6).
0
Let r(k) = -k**3 + 9*k**2 + 2*k - 14. Let f be r(9). Let z(j) be the first derivative of 0*j + 1/4*j**f - 2 + 5/3*j**3 + 1/2*j**2. Determine z(-5).
-5
Let h(t) = t**2 + 8*t + 7. Suppose -10 - 14 = 3*m. Let f be ((-9)/(-6))/(2/m). Determine h(f).
-5
Let o(s) = -11*s**3 - 23*s**2 + 13*s + 35. Let a(i) = -7*i**3 - 15*i**2 + 9*i + 23. Let j(w) = -8*a(w) + 5*o(w). Determine j(-6).
-3
Let i(f) = 7*f + 1 + 3*f - 13*f. Let v be i(-2). Let c(l) = -l**3 + 8*l**2 - 6*l - 9. Calculate c(v).
-2
Let n(o) be the first derivative of 7*o**4/4 + o**3/3 + 5*o**2 + 2*o - 3. Let r(w) = 8*w**3 + 2*w**2 + 11*w + 2. Let t(b) = -7*n(b) + 6*r(b). Calculate t(4).
-2
Let x(p) = p**3 - p**2 + 2. Let m be 14/21 - (-2)/(-3). Let z be x(m). Let b(h) = -h**3 + 2*h**2 - h + 1. Calculate b(z).
-1
Let l(i) = i**3 - 6*i**2 + 2*i - 6. Let x(t) be the second derivative of -t**4/12 - 4*t**3/3 - 3*t**2 + 2*t. Let a be x(-6). Calculate l(a).
6
Let c(w) = 5*w - 4. Let b(n) = -6*n + 4. Let r(g) = 6*b(g) + 7*c(g). Determine r(0).
-4
Let b(v) = -v - 5. Let c be ((-154)/(-55))/((-4)/(-10)). Calculate b(c).
-12
Let s(v) = v - 2. Let p be -4 + -1 + (-2 - -2). Let l = 5 + p. Suppose -5*n + 7*w = 4*w + 25, l = -3*n - w - 1. Determine s(n).
-4
Let l be 6*((-8)/(-6) - 1). Let b(p) = p**2 - 2. Let v be b(l). Let w be (v/6)/(4/(-12)). Let q(m) = m**3 + m**2 - m - 1. Determine q(w).
0
Let q(l) = 2*l. Let b be 9/6 - 7/(-2). Let v be 56/(-10)*(1 - 6). Suppose -4*t + t - 3*s = 0, 2*s - v = 